ctor of 30 and n.
15
Let l be 70/9 + 80/360. Let x = 9 - 1. What is the highest common factor of x and l?
8
Let p = 59 - 44. Let n = 113 - 53. Calculate the highest common factor of n and p.
15
Suppose 4 = -4*t - 0, -3*t - 25 = -2*z. Suppose -90 + 387 = 3*j. What is the greatest common factor of z and j?
11
Let m(z) = 2*z**2 + 4*z + 4. Let q be m(-2). Let d be (-1)/(2/q) - -65. What is the greatest common factor of d and 9?
9
Let w = 3 - -1. Let l = w - -26. What is the highest common factor of l and 75?
15
Let a = -55 + 84. Calculate the highest common divisor of a and 29.
29
Suppose 3*n = -4*q - 5, 5*q = -n - 4*n - 15. Let k = n + 16. What is the highest common divisor of 81 and k?
9
Let c = -7 + 17. Suppose 20 = -4*y - 12. Let k = 13 + y. Calculate the highest common factor of c and k.
5
Let r(s) = s**2 - 4*s - 8. Let c be r(6). Calculate the greatest common divisor of c and 32.
4
Let l = 5 - 5. Suppose l = 5*z - 6*z + 3. Suppose -z*o - 25 = -2*w, 2*o + 11 = -w + 2*w. What is the greatest common factor of w and 17?
17
Let f = 10 + -7. Let s be 242/f*(-27)/(-9). Suppose 86 - s = -4*r. Calculate the greatest common divisor of 13 and r.
13
Let o(j) = j - 2*j**2 + 9*j**3 - 3*j**3 + 4*j**3 + j - 1. Let y be o(1). What is the highest common factor of 99 and y?
9
Let d(s) = 2*s**2 - 7*s + 4. Let k = 3 - -1. Let p be d(k). Let n = -16 - -96. Calculate the highest common divisor of p and n.
8
Suppose 6*d - 62 = 34. Calculate the highest common factor of 144 and d.
16
Suppose 7*v + 3*z + 6 = 4*v, -4*z + 10 = -5*v. Let x be (v/(-4))/((-2)/(-132)). What is the highest common divisor of 3 and x?
3
Suppose -2*h - 396 = -6*h. Suppose -8 = 2*p + 3*y - 0, 2 = -3*p - 2*y. Suppose -5 - 13 = -p*u. What is the highest common divisor of h and u?
9
Let u = -371 - -542. What is the greatest common divisor of 19 and u?
19
Let o be -18 + 18 + 2*52. Suppose -5*g + 20 = 3*q - o, -q - g = -38. Calculate the greatest common divisor of 22 and q.
11
Let o(u) = -u**2 + 9*u + 3. Let l be o(8). What is the greatest common factor of 44 and l?
11
Let l be (42/(-9))/((-6)/171). Let t = l - 73. What is the greatest common factor of 24 and t?
12
Let i = 7 + -3. Suppose -3*z - 18 = -i*q + 4, 3*z - 20 = -2*q. Suppose 2*l - 5*l = -168. Calculate the greatest common divisor of q and l.
7
Let i = -18 - -26. Let n be i - (1 - (0 - -1)). Calculate the greatest common factor of n and 40.
8
Suppose 140 = 5*b + 30. Calculate the highest common factor of 154 and b.
22
Suppose 4*x + 2 - 14 = 0. Suppose -x*q = -16 - 17. Suppose -y = 2*y - 297. What is the highest common factor of y and q?
11
Suppose 3*o - 6 = 3*c - 2*o, 0 = -3*c + 2*o + 3. Let m be ((-2)/c)/(1/(-3)). Suppose 11 + 13 = m*i. Calculate the greatest common divisor of i and 4.
4
Let g be (-3)/(-2) - (-5)/10. Suppose -127 = -g*b + 43. Calculate the highest common divisor of b and 34.
17
Suppose -2*i = -2*s + 58, -i + 14 = s - 5*i. Let x be (-6 - 150/(-24)) + 678/8. What is the highest common divisor of s and x?
17
Let p = 7 - -8. Suppose 3*u = -2*n + 7, 27 = 3*u - 4*n + n. What is the greatest common factor of u and p?
5
Suppose -5*j = 2*g - 6*g + 15, 2*g + j - 11 = 0. Suppose g*k = 123 + 77. Let c be 2/3*-3*-5. Calculate the greatest common divisor of k and c.
10
Let f be (-2)/(-2)*(-3)/(-3). What is the highest common divisor of 7 and f?
1
Suppose a = 1 - 11. Let l(q) = q + 7. Let w be l(a). Let g be 15 + 3*(-4 - w). What is the greatest common divisor of g and 72?
12
Suppose 4*x + 3 - 21 = 5*o, 3*o = 3*x - 12. Let b = 11 + o. What is the highest common divisor of 81 and b?
9
Let z = -44 - -54. What is the highest common divisor of 110 and z?
10
Suppose -5*h = -4*h. Let k(g) = g**3 - g**2 + 4. Let c be k(h). Calculate the greatest common factor of 10 and c.
2
Suppose -32*l + 25*l = -70. What is the highest common factor of l and 10?
10
Suppose -5*q - 5*f + 75 = 0, 3 = -f + 6. Suppose 4 = -t + 3*p + 19, -3 = 3*t + 3*p. Let j = 15 - t. What is the highest common factor of j and q?
12
Let l = 96 - 138. Let j be (-18)/6*l/9. What is the greatest common factor of 112 and j?
14
Suppose -3*g = 5*y + 5, -4*y = 4*g + y. Suppose -2*u = -4*u - 4*s - 2, s = g*u - 28. Let w = u - -19. What is the greatest common divisor of 6 and w?
6
Let p be (-12)/18 - 94/(-6). Let f be (6/p)/(1/(-5)). Let d be (-55)/(-2) + (-1)/f. What is the highest common divisor of d and 7?
7
Let t be (-1)/(40/(-36) + 1). Calculate the highest common factor of 72 and t.
9
Let k = 90 - -53. Suppose -4*w = 11 - 63. What is the greatest common factor of k and w?
13
Let w = 159 + -139. Calculate the greatest common divisor of w and 50.
10
Let c(m) = -3*m**3 + 0*m**3 + 4*m - 4 + 2*m**3 - 5*m**2. Let k(o) = o + 9. Let v be k(-15). Let h be c(v). What is the highest common divisor of h and 2?
2
Let s = -1 - -3. Let f be (-2)/4 + 19/s. What is the highest common factor of 45 and f?
9
Let m(b) = 3*b**2 + b - 3. Let l be m(-4). What is the greatest common divisor of l and 41?
41
Let m = -109 + 276. Let o = 293 - m. What is the greatest common divisor of o and 18?
18
Suppose p + 10 = u - 2*p, 0 = 5*u - 2*p - 24. Suppose -j + 5*l = 0, 5*j + u*l - 27 = 4*j. Calculate the highest common divisor of j and 105.
15
Let q(j) = j**2 - 2*j - 3. Let a be q(4). Let b be (-1 + -1)*(-25)/10. What is the greatest common factor of a and b?
5
Let n = -67 + 99. Suppose 0*l - 4*m = -4*l + n, l = 3*m. What is the highest common factor of l and 60?
12
Suppose 14 = 4*x - 30. Suppose w + x - 17 = 0. What is the highest common divisor of w and 24?
6
Let v(x) be the third derivative of x**5/60 - x**4/24 + x**3/3 + 3*x**2. Let u be v(3). Calculate the highest common factor of u and 8.
8
Suppose -10 = -g - 2*c, 3*g + c - 39 = -9. Let h = 19 - g. Calculate the greatest common factor of 27 and h.
9
Suppose 3*h = -10 + 55. What is the highest common factor of h and 120?
15
Suppose 2*i + 6*i - 160 = 0. Calculate the greatest common divisor of 40 and i.
20
Let r = 14 + -5. Calculate the highest common factor of 27 and r.
9
Let x be (-63)/(-4) + (-4)/(-16). Let p be (-9848)/(-14) + 24/42. Suppose 6*u - 2*u = p. Calculate the highest common factor of u and x.
16
Let x = -60 - -64. What is the greatest common factor of 6 and x?
2
Let a(x) = -10*x**3 - 2*x**2 - 3*x - 1. Let h be a(-3). Calculate the greatest common divisor of h and 26.
26
Let p = -142 - -67. Let h = 129 + p. Suppose a + 74 = 3*n - 4*a, 0 = 4*n + a - 68. What is the highest common factor of h and n?
18
Suppose -c = -63 - 3. What is the highest common divisor of 44 and c?
22
Suppose -3*g - 2 = -11. Calculate the greatest common divisor of g and 12.
3
Let v = -6 + 5. Let z be (3/((-3)/1))/v. What is the greatest common divisor of 1 and z?
1
Let d(y) = y - 8. Let t be d(11). Suppose t*s - 15 - 69 = 0. Calculate the highest common factor of 4 and s.
4
Suppose n - 20 - 5 = 0. Let m(x) = 2*x**2 + 5*x - 8. Let f be m(2). Calculate the highest common divisor of n and f.
5
Let a(u) = u**2 - 7*u - 9. Let v be a(8). Let z be (-121)/v - (4 - 3). What is the greatest common factor of 15 and z?
15
Suppose 5*q + 2*o - 2 = 6, 0 = -2*q + 3*o + 7. Suppose q*p = -3*m + 342, -2*p = 2*p - m - 670. What is the highest common factor of p and 24?
24
Let r(l) = l**3 + 11*l**2 + l + 3. Let z be r(-8). What is the highest common factor of z and 17?
17
Let x = 8 + 0. What is the highest common divisor of 2 and x?
2
Let i(u) = -u**2 - 25*u - 5. Let b be i(-15). Calculate the highest common factor of 29 and b.
29
Suppose 14*i - 336 = 10*i. Calculate the greatest common divisor of 28 and i.
28
Suppose -v - v + 5*s = -5, 3*s - 9 = 0. Calculate the highest common divisor of 20 and v.
10
Suppose -y - 4*y + 8 = 3*j, 2*j = y + 1. Calculate the greatest common divisor of y and 11.
1
Let g be (2 - 3) + 45 + -4. Calculate the highest common divisor of 5 and g.
5
Let d = -64 - -119. Calculate the greatest common divisor of 22 and d.
11
Let v(p) be the third derivative of -p**4/12 - p**3/3 - 3*p**2. Let x be v(-7). What is the highest common factor of 72 and x?
12
Let c be 4/(-1*(-1)/1). Suppose -3*y = c*k + k - 192, 291 = 4*y - 5*k. Suppose 0 = -0*f - 4*f + 92. What is the highest common divisor of f and y?
23
Let p = 1 + 5. Suppose 7*q = 5*q + p. Suppose -4*m + 16 = 4*w, 3*w - 28 = -2